alse
Is 157644306 a multiple of 106?
False
Is 10 a factor of 787013740?
True
Does 9 divide 6452300?
False
Does 2321 divide 4388336?
False
Is 6333 a factor of 1210921957?
False
Does 1954 divide 94190616?
True
Is 182705315 a multiple of 65?
True
Does 18 divide 61780878?
True
Is 2174294357 a multiple of 66?
False
Is 31646245 a multiple of 3?
False
Is 747063356 a multiple of 227?
True
Is 29134231 a multiple of 11?
False
Does 8 divide 108601728?
True
Is 196875594 a multiple of 974?
True
Is 22086735 a multiple of 215?
True
Does 3 divide 419355940?
False
Is 106965279 a multiple of 96?
False
Is 50179464 a multiple of 95?
False
Is 99 a factor of 96614355?
False
Is 254870810 a multiple of 5?
True
Does 2730 divide 534402960?
True
Is 18 a factor of 6747957990?
True
Is 421001548 a multiple of 1507?
True
Is 10 a factor of 312151159?
False
Is 10085120 a multiple of 486?
False
Is 421269893 a multiple of 18?
False
Is 580 a factor of 24985402?
False
Is 11 a factor of 34335092?
True
Is 2252113171 a multiple of 2989?
False
Is 35456540 a multiple of 463?
True
Is 246778974 a multiple of 18?
True
Is 11 a factor of 1174257678?
True
Does 32 divide 227842029?
False
Is 32520852 a multiple of 189?
True
Does 19 divide 730795884?
False
Does 3 divide 11313242?
False
Is 77 a factor of 6369692791?
True
Is 97451955 a multiple of 587?
False
Is 1682 a factor of 684573926?
False
Does 18 divide 2734330212?
True
Does 35 divide 2616740?
True
Does 128 divide 92033024?
True
Is 18506510 a multiple of 830?
True
Does 119 divide 302788717?
True
Is 13 a factor of 237077224?
False
Is 591 a factor of 1031862990?
False
Does 44 divide 79194060?
True
Is 394355655 a multiple of 159?
False
Is 2300 a factor of 450303200?
True
Is 25 a factor of 444657979?
False
Is 19 a factor of 1442404?
True
Is 626520244 a multiple of 553?
True
Does 10 divide 14583470?
True
Does 425 divide 644066267?
False
Is 11 a factor of 32248051?
True
Is 37577682 a multiple of 27?
True
Is 1245439091 a multiple of 13?
True
Is 8288 a factor of 3269483392?
True
Is 183080124 a multiple of 99?
False
Is 370547322 a multiple of 16?
False
Is 1572477 a multiple of 263?
True
Does 12 divide 1703064012?
True
Is 3544 a factor of 2195894296?
True
Does 197 divide 387492105?
True
Does 1126 divide 2754196?
True
Does 10055 divide 1362864755?
True
Is 210655183 a multiple of 311?
False
Does 6904 divide 4129682328?
False
Is 4729778875 a multiple of 439?
False
Does 351 divide 21479525?
False
Is 126499475 a multiple of 8?
False
Is 179434440 a multiple of 1901?
False
Does 1422 divide 143792640?
True
Does 21 divide 375393711?
True
Does 12 divide 30500013?
False
Is 69221218 a multiple of 13?
False
Does 2 divide 31769047?
False
Is 9 a factor of 24288217?
False
Is 8676108 a multiple of 36?
True
Is 613 a factor of 3478275393?
False
Does 18 divide 74532960?
True
Is 34 a factor of 222920456?
True
Is 42 a factor of 8830419?
False
Is 61693734 a multiple of 12?
False
Does 661 divide 140019393?
False
Is 13 a factor of 31803811?
True
Is 20729562 a multiple of 48?
False
Is 306 a factor of 2413500938?
False
Is 730039900 a multiple of 100?
True
Is 189 a factor of 8258340?
False
Is 22 a factor of 81992152?
True
Does 15 divide 7364307?
False
Is 73036458 a multiple of 221?
False
Is 705105072 a multiple of 6?
True
Is 332070082 a multiple of 926?
True
Does 1027 divide 114290722?
True
Does 102 divide 140301612?
True
Is 2811327465 a multiple of 112?
False
Is 3 a factor of 2052753?
True
Is 46 a factor of 3904616502?
False
Does 3 divide 3074106?
True
Is 98 a factor of 2349006492?
True
Is 124477004 a multiple of 6?
False
Is 9355654 a multiple of 47?
False
Is 120 a factor of 2990880?
True
Does 91 divide 172414496?
False
Is 357661523 a multiple of 4159?
True
Is 5 a factor of 1259315665?
True
Is 280 a factor of 4811569?
False
Does 10 divide 6222007?
False
Is 62 a factor of 707177332?
True
Does 1597 divide 235172623?
True
Is 6776472 a multiple of 21?
False
Is 3035 a factor of 45175125?
False
Does 65 divide 52049595?
True
Does 13 divide 643124625?
True
Does 20 divide 207166710?
False
Is 1075013681 a multiple of 2676?
False
Is 10 a factor of 13692313?
False
Does 8 divide 1065671?
False
Is 858 a factor of 245303058?
True
Is 432516972 a multiple of 6?
True
Is 691 a factor of 8093683?
True
Does 338 divide 78943618?
True
Is 935238946 a multiple of 181?
True
Is 5159338 a multiple of 234?
False
Does 620 divide 157685639?
False
Does 711 divide 293287994?
False
Is 121 a factor of 5864918?
False
Is 117819476 a multiple of 1016?
False
Is 3329496 a multiple of 26?
False
Is 115 a factor of 1176748207?
False
Does 14 divide 96372291?
False
Is 292757655 a multiple of 15?
True
Does 2456 divide 69367264?
True
Is 5 a factor of 11138393?
False
Is 2947004 a multiple of 370?
False
Is 48 a factor of 7123392?
True
Is 297 a factor of 770825922?
False
Is 5577382 a multiple of 343?
False
Is 51 a factor of 22400127?
False
Does 1338 divide 603019206?
True
Is 58543884 a multiple of 162?
True
Is 29748604 a multiple of 39?
False
Is 185 a factor of 112886552?
False
Is 5251627 even?
False
Is 15 a factor of 73468337?
False
Does 1059 divide 3816485622?
True
Is 18 a factor of 102047409?
False
Does 122 divide 85757704?
True
Does 923 divide 82587923?
False
Does 3130 divide 374190498?
False
Does 3231 divide 287477253?
False
Is 21509793 a multiple of 528?
False
Does 3 divide 747199?
False
Does 24 divide 116893032?
True
Is 23597840 a multiple of 20?
True
Does 14 divide 74520023?
False
Is 7 a factor of 3462391?
False
Does 124 divide 1490108?
True
Does 963 divide 1576032510?
False
Does 192 divide 3345024?
True
Is 10835 a factor of 3108377305?
True
Is 21043525 a multiple of 32?
False
Does 4 divide 369387923?
False
Is 1138 a factor of 51460360?
True
Is 53632098 a multiple of 38?
True
Is 34 a factor of 121553264?
True
Is 367011736 a multiple of 46?
True
Does 185 divide 3862357914?
False
Is 2701 a factor of 1194446750?
False
Is 616198385 a multiple of 473?
True
Is 564093897 a multiple of 2?
False
Does 7 divide 50327662?
True
Does 1256 divide 10571007?
False
Is 9761167 even?
False
Is 19338390 a multiple of 430?
True
Is 10224664 a multiple of 10?
False
Does 507 divide 45345451?
False
Is 477 a factor of 33129537?
False
Does 1285 divide 5759370?
True
Does 4303 divide 152248746?
True
Is 8751 a factor of 112794506?
False
Is 5438104 a multiple of 361?
True
Is 174 a factor of 355044601?
False
Is 3 a factor of 275065787?
False
Does 14 divide 2168826086?
True
Is 760600896 a multiple of 27?
False
Does 33 divide 38166249?
True
Does 97 divide 50253832?
False
Does 7355 divide 817920130?
True
Is 200782504 a multiple of 96?
False
Does 883 divide 230573375?
True
Does 6 divide 669618415?
False
Does 200 divide 186182070?
False
Does 27 divide 5947263?
True
Is 51396313 a multiple of 2841?
False
Is 255 a factor of 17302063?
False
Is 435564562 a multiple of 276?
False
Is 117 a factor of 40518036?
True
Does 342 divide 1223593836?
False
Is 14594027 a multiple of 394?
False
Is 1187705736 a multiple of 1572?
True
Is 57 a factor of 40071865?
False
Does 2 divide 17005592?
True
Is 302 a factor of 41241422?
True
Is 51 a factor of 103950080?
False
Is 220 a factor of 3574120?
True
Is 302750988 a multiple of 436?
True
Does 30 divide 44832930?
True
Does 109 divide 28744140?
False
Is 16 a factor of 122729120?
True
Does 87 divide 1171859475?
False
Is 22754432 a multiple of 34?
True
Is 1023 a factor of 119491515?
True
Is 73 a factor of 88728594?
False
Is 1647 a factor of 597864232?
False
Is 34351811 a multiple of 18?
False
Is 63679830 a multiple of 86?
False
Is 97835525 a multiple of 220?
False
Is 100357538 a multiple of 227?
False
Is 12 a factor of 408685356?
True
Is 3 a factor of 17695587?
True
Is 6048646190 a multiple of 294?
False
Is 6849789 a multiple of 20?
False
Does 1351 divide 17063556?
False
Is 45 a factor of 42085935?
True
Is 1489666714 a multiple of 23?
True
Is 3325729 a multiple of 368?
False
Is 77994336 a multiple of 168?
True
Does 3 divide 8930313?
True
Is 756045777 a multiple of 41?
False
Does 131 divide 408756942?
True
Is 12 a factor of 9118797?
False
Does 2401 divide 940306845?
False
Is 143554404 a multiple of 73?
False
Is 163157258 a multiple of 1238?
True
Does 10 divide 100257696?
False
Is 181 a factor of 3722953012?
False
Does 416 divide 